[INFO] cloning repository https://github.com/thebigbrain/vm
[INFO] running `Command { std: "git" "-c" "credential.helper=" "-c" "credential.helper=/workspace/cargo-home/bin/git-credential-null" "clone" "--bare" "https://github.com/thebigbrain/vm" "/workspace/cache/git-repos/https%3A%2F%2Fgithub.com%2Fthebigbrain%2Fvm", kill_on_drop: false }`
[INFO] [stderr] Cloning into bare repository '/workspace/cache/git-repos/https%3A%2F%2Fgithub.com%2Fthebigbrain%2Fvm'...
[INFO] running `Command { std: "git" "rev-parse" "HEAD", kill_on_drop: false }`
[INFO] [stdout] 38317437f71738454f5869209dabd8531d1e1d93
[INFO] building thebigbrain/vm against master#881c1ac408d93bb7adaa3a51dabab9266e82eee8 for issue-85264
[INFO] running `Command { std: "git" "clone" "/workspace/cache/git-repos/https%3A%2F%2Fgithub.com%2Fthebigbrain%2Fvm" "/workspace/builds/worker-0/source", kill_on_drop: false }`
[INFO] [stderr] Cloning into '/workspace/builds/worker-0/source'...
[INFO] [stderr] done.
[INFO] validating manifest of git repo https://github.com/thebigbrain/vm on toolchain 881c1ac408d93bb7adaa3a51dabab9266e82eee8
[INFO] running `Command { std: "/workspace/cargo-home/bin/cargo" "+881c1ac408d93bb7adaa3a51dabab9266e82eee8" "metadata" "--manifest-path" "Cargo.toml" "--no-deps", kill_on_drop: false }`
[INFO] started tweaking git repo https://github.com/thebigbrain/vm
[INFO] finished tweaking git repo https://github.com/thebigbrain/vm
[INFO] tweaked toml for git repo https://github.com/thebigbrain/vm written to /workspace/builds/worker-0/source/Cargo.toml
[INFO] crate git repo https://github.com/thebigbrain/vm already has a lockfile, it will not be regenerated
[INFO] running `Command { std: "/workspace/cargo-home/bin/cargo" "+881c1ac408d93bb7adaa3a51dabab9266e82eee8" "fetch" "--manifest-path" "Cargo.toml", kill_on_drop: false }`
[INFO] running `Command { std: "docker" "create" "-v" "/var/lib/crater-agent-workspace/builds/worker-0/target:/opt/rustwide/target:rw,Z" "-v" "/var/lib/crater-agent-workspace/builds/worker-0/source:/opt/rustwide/workdir:ro,Z" "-v" "/var/lib/crater-agent-workspace/cargo-home:/opt/rustwide/cargo-home:ro,Z" "-v" "/var/lib/crater-agent-workspace/rustup-home:/opt/rustwide/rustup-home:ro,Z" "-e" "SOURCE_DIR=/opt/rustwide/workdir" "-e" "CARGO_TARGET_DIR=/opt/rustwide/target" "-e" "CARGO_HOME=/opt/rustwide/cargo-home" "-e" "RUSTUP_HOME=/opt/rustwide/rustup-home" "-w" "/opt/rustwide/workdir" "-m" "1610612736" "--user" "0:0" "--network" "none" "ghcr.io/rust-lang/crates-build-env/linux@sha256:20528e8c29e4536546f0102ce88568b16ea7538393a33fcca951030f7af10457" "/opt/rustwide/cargo-home/bin/cargo" "+881c1ac408d93bb7adaa3a51dabab9266e82eee8" "metadata" "--no-deps" "--format-version=1", kill_on_drop: false }`
[INFO] [stdout] ad776dbad3da13387f672e66e0a45aec79c1841dd7a13bc11400aab0f0767761
[INFO] [stderr] WARNING: Your kernel does not support swap limit capabilities or the cgroup is not mounted. Memory limited without swap.
[INFO] running `Command { std: "docker" "start" "-a" "ad776dbad3da13387f672e66e0a45aec79c1841dd7a13bc11400aab0f0767761", kill_on_drop: false }`
[INFO] running `Command { std: "docker" "inspect" "ad776dbad3da13387f672e66e0a45aec79c1841dd7a13bc11400aab0f0767761", kill_on_drop: false }`
[INFO] running `Command { std: "docker" "rm" "-f" "ad776dbad3da13387f672e66e0a45aec79c1841dd7a13bc11400aab0f0767761", kill_on_drop: false }`
[INFO] [stdout] ad776dbad3da13387f672e66e0a45aec79c1841dd7a13bc11400aab0f0767761
[INFO] running `Command { std: "docker" "create" "-v" "/var/lib/crater-agent-workspace/builds/worker-0/target:/opt/rustwide/target:rw,Z" "-v" "/var/lib/crater-agent-workspace/builds/worker-0/source:/opt/rustwide/workdir:ro,Z" "-v" "/var/lib/crater-agent-workspace/cargo-home:/opt/rustwide/cargo-home:ro,Z" "-v" "/var/lib/crater-agent-workspace/rustup-home:/opt/rustwide/rustup-home:ro,Z" "-e" "SOURCE_DIR=/opt/rustwide/workdir" "-e" "CARGO_TARGET_DIR=/opt/rustwide/target" "-e" "CARGO_INCREMENTAL=0" "-e" "RUST_BACKTRACE=full" "-e" "RUSTFLAGS=--cap-lints=forbid" "-e" "CARGO_HOME=/opt/rustwide/cargo-home" "-e" "RUSTUP_HOME=/opt/rustwide/rustup-home" "-w" "/opt/rustwide/workdir" "-m" "1610612736" "--user" "0:0" "--network" "none" "ghcr.io/rust-lang/crates-build-env/linux@sha256:20528e8c29e4536546f0102ce88568b16ea7538393a33fcca951030f7af10457" "/opt/rustwide/cargo-home/bin/cargo" "+881c1ac408d93bb7adaa3a51dabab9266e82eee8" "build" "--frozen" "--message-format=json", kill_on_drop: false }`
[INFO] [stdout] 266cfc60781b91bdbe9492d7637992ea35f59e50a593e5bd89d3a59d1ed104bd
[INFO] [stderr] WARNING: Your kernel does not support swap limit capabilities or the cgroup is not mounted. Memory limited without swap.
[INFO] running `Command { std: "docker" "start" "-a" "266cfc60781b91bdbe9492d7637992ea35f59e50a593e5bd89d3a59d1ed104bd", kill_on_drop: false }`
[INFO] [stderr]    Compiling libc v0.2.36
[INFO] [stderr]    Compiling rand v0.4.2
[INFO] [stderr]    Compiling turbofan v0.1.0 (/opt/rustwide/workdir)
[INFO] [stdout] error: expected one of `(` or `<`, found `generate_decoder`
[INFO] [stdout]   --> src/wasm/wasm_section.rs:21:13
[INFO] [stdout]    |
[INFO] [stdout] 21 | fn function generate_decoder(code) -> Box<Fn(&Vec<u8>, usize) -> SectionPayload> {
[INFO] [stdout]    |             ^^^^^^^^^^^^^^^^ expected one of `(` or `<`
[INFO] [stdout] 
[INFO] [stdout] 
[INFO] [stdout] error[E0432]: unresolved import `wasm::wasm_section::Section`
[INFO] [stdout]  --> src/wasm/module_decoder.rs:9:5
[INFO] [stdout]   |
[INFO] [stdout] 9 | use wasm::wasm_section::Section;
[INFO] [stdout]   |     ^^^^^^^^^^^^^^^^^^^^^^^^^^^ no `Section` in `wasm::wasm_section`
[INFO] [stdout] 
[INFO] [stdout] 
[INFO] [stdout] error[E0432]: unresolved import `wasm::wasm_section::SectionPayload`
[INFO] [stdout]  --> src/wasm/section_decoder.rs:7:5
[INFO] [stdout]   |
[INFO] [stdout] 7 | use wasm::wasm_section::SectionPayload;
[INFO] [stdout]   |     ^^^^^^^^^^^^^^^^^^^^^^^^^^^^^^^^^^ no `SectionPayload` in `wasm::wasm_section`
[INFO] [stdout] 
[INFO] [stdout] 
[INFO] [stdout] error[E0432]: unresolved import `wasm::wasm_section::ImportEntry`
[INFO] [stdout]  --> src/wasm/section_decoder.rs:8:5
[INFO] [stdout]   |
[INFO] [stdout] 8 | use wasm::wasm_section::ImportEntry;
[INFO] [stdout]   |     ^^^^^^^^^^^^^^^^^^^^^^^^^^^^^^^ no `ImportEntry` in `wasm::wasm_section`
[INFO] [stdout] 
[INFO] [stdout] 
[INFO] [stdout] error[E0412]: cannot find type `Section` in module `wasm_section`
[INFO] [stdout]   --> src/wasm/wasm_module.rs:11:45
[INFO] [stdout]    |
[INFO] [stdout] 11 |     pub sections: HashMap<u8, wasm_section::Section>,
[INFO] [stdout]    |                                             ^^^^^^^ not found in `wasm_section`
[INFO] [stdout] 
[INFO] [stdout] 
[INFO] [stdout] error[E0412]: cannot find type `GlobalEntry` in module `wasm_section`
[INFO] [stdout]   --> src/wasm/section_decoder.rs:87:36
[INFO] [stdout]    |
[INFO] [stdout] 87 |     let entries: Vec<wasm_section::GlobalEntry> = decode_section_entries(payload, start, decode);
[INFO] [stdout]    |                                    ^^^^^^^^^^^ not found in `wasm_section`
[INFO] [stdout] 
[INFO] [stdout] 
[INFO] [stdout] error[E0412]: cannot find type `ExportEntry` in module `wasm_section`
[INFO] [stdout]   --> src/wasm/section_decoder.rs:95:36
[INFO] [stdout]    |
[INFO] [stdout] 95 |     let entries: Vec<wasm_section::ExportEntry> = decode_section_entries(payload, start, decode);
[INFO] [stdout]    |                                    ^^^^^^^^^^^ not found in `wasm_section`
[INFO] [stdout] 
[INFO] [stdout] 
[INFO] [stdout] error[E0412]: cannot find type `ElemSegment` in module `wasm_section`
[INFO] [stdout]    --> src/wasm/section_decoder.rs:109:36
[INFO] [stdout]     |
[INFO] [stdout] 109 |     let entries: Vec<wasm_section::ElemSegment> = decode_section_entries(payload, start, decode);
[INFO] [stdout]     |                                    ^^^^^^^^^^^ not found in `wasm_section`
[INFO] [stdout] 
[INFO] [stdout] 
[INFO] [stdout] error[E0412]: cannot find type `FunctionBody` in module `wasm_section`
[INFO] [stdout]    --> src/wasm/section_decoder.rs:118:36
[INFO] [stdout]     |
[INFO] [stdout] 118 |     let entries: Vec<wasm_section::FunctionBody> = decode_section_entries(payload, start, decode);
[INFO] [stdout]     |                                    ^^^^^^^^^^^^ not found in `wasm_section`
[INFO] [stdout] 
[INFO] [stdout] 
[INFO] [stdout] error[E0412]: cannot find type `DataSegment` in module `wasm_section`
[INFO] [stdout]    --> src/wasm/section_decoder.rs:127:36
[INFO] [stdout]     |
[INFO] [stdout] 127 |     let entries: Vec<wasm_section::DataSegment> = decode_section_entries(payload, start, decode);
[INFO] [stdout]     |                                    ^^^^^^^^^^^ not found in `wasm_section`
[INFO] [stdout] 
[INFO] [stdout] 
[INFO] [stdout] error[E0412]: cannot find type `DataSegment` in module `wasm_section`
[INFO] [stdout]    --> src/wasm/section_decoder.rs:131:84
[INFO] [stdout]     |
[INFO] [stdout] 131 | fn decode_data_segment<'a>(payload: &'a Vec<u8>, pos: &mut usize) -> wasm_section::DataSegment {
[INFO] [stdout]     |                                                                                    ^^^^^^^^^^^ not found in `wasm_section`
[INFO] [stdout] 
[INFO] [stdout] 
[INFO] [stdout] error[E0422]: cannot find struct, variant or union type `DataSegment` in module `wasm_section`
[INFO] [stdout]    --> src/wasm/section_decoder.rs:144:19
[INFO] [stdout]     |
[INFO] [stdout] 144 |     wasm_section::DataSegment {
[INFO] [stdout]     |                   ^^^^^^^^^^^ not found in `wasm_section`
[INFO] [stdout] 
[INFO] [stdout] 
[INFO] [stdout] error[E0412]: cannot find type `FunctionBody` in module `wasm_section`
[INFO] [stdout]    --> src/wasm/section_decoder.rs:151:85
[INFO] [stdout]     |
[INFO] [stdout] 151 | fn decode_function_body<'a>(payload: &'a Vec<u8>, pos: &mut usize) -> wasm_section::FunctionBody {
[INFO] [stdout]     |                                                                                     ^^^^^^^^^^^^ not found in `wasm_section`
[INFO] [stdout] 
[INFO] [stdout] 
[INFO] [stdout] error[E0422]: cannot find struct, variant or union type `FunctionBody` in module `wasm_section`
[INFO] [stdout]    --> src/wasm/section_decoder.rs:167:19
[INFO] [stdout]     |
[INFO] [stdout] 167 |     wasm_section::FunctionBody {
[INFO] [stdout]     |                   ^^^^^^^^^^^^ not found in `wasm_section`
[INFO] [stdout] 
[INFO] [stdout] 
[INFO] [stdout] error[E0412]: cannot find type `LocalEntry` in module `wasm_section`
[INFO] [stdout]    --> src/wasm/section_decoder.rs:174:82
[INFO] [stdout]     |
[INFO] [stdout] 174 | fn decode_locals<'a>(payload: &'a Vec<u8>, pos: &mut usize) -> Vec<wasm_section::LocalEntry> {
[INFO] [stdout]     |                                                                                  ^^^^^^^^^^ not found in `wasm_section`
[INFO] [stdout] 
[INFO] [stdout] 
[INFO] [stdout] error[E0412]: cannot find type `LocalEntry` in module `wasm_section`
[INFO] [stdout]    --> src/wasm/section_decoder.rs:177:39
[INFO] [stdout]     |
[INFO] [stdout] 177 |     let mut locals: Vec<wasm_section::LocalEntry> = Vec::with_capacity(local_count);
[INFO] [stdout]     |                                       ^^^^^^^^^^ not found in `wasm_section`
[INFO] [stdout] 
[INFO] [stdout] 
[INFO] [stdout] error[E0412]: cannot find type `LocalEntry` in module `wasm_section`
[INFO] [stdout]    --> src/wasm/section_decoder.rs:185:83
[INFO] [stdout]     |
[INFO] [stdout] 185 | fn decode_local_entry<'a>(payload: &'a Vec<u8>, pos: &mut usize) -> wasm_section::LocalEntry {
[INFO] [stdout]     |                                                                                   ^^^^^^^^^^ not found in `wasm_section`
[INFO] [stdout] 
[INFO] [stdout] 
[INFO] [stdout] error[E0422]: cannot find struct, variant or union type `LocalEntry` in module `wasm_section`
[INFO] [stdout]    --> src/wasm/section_decoder.rs:189:19
[INFO] [stdout]     |
[INFO] [stdout] 189 |     wasm_section::LocalEntry {
[INFO] [stdout]     |                   ^^^^^^^^^^ not found in `wasm_section`
[INFO] [stdout] 
[INFO] [stdout] 
[INFO] [stdout] error[E0412]: cannot find type `ElemSegment` in module `wasm_section`
[INFO] [stdout]    --> src/wasm/section_decoder.rs:195:85
[INFO] [stdout]     |
[INFO] [stdout] 195 | fn decode_element_entry<'a>(payload: &'a Vec<u8>, pos: &mut usize) -> wasm_section::ElemSegment {
[INFO] [stdout]     |                                                                                     ^^^^^^^^^^^ not found in `wasm_section`
[INFO] [stdout] 
[INFO] [stdout] 
[INFO] [stdout] error[E0422]: cannot find struct, variant or union type `ElemSegment` in module `wasm_section`
[INFO] [stdout]    --> src/wasm/section_decoder.rs:200:19
[INFO] [stdout]     |
[INFO] [stdout] 200 |     wasm_section::ElemSegment {
[INFO] [stdout]     |                   ^^^^^^^^^^^ not found in `wasm_section`
[INFO] [stdout] 
[INFO] [stdout] 
[INFO] [stdout] error[E0412]: cannot find type `ExportEntry` in module `wasm_section`
[INFO] [stdout]    --> src/wasm/section_decoder.rs:207:84
[INFO] [stdout]     |
[INFO] [stdout] 207 | fn decode_export_entry<'a>(payload: &'a Vec<u8>, pos: &mut usize) -> wasm_section::ExportEntry {
[INFO] [stdout]     |                                                                                    ^^^^^^^^^^^ not found in `wasm_section`
[INFO] [stdout] 
[INFO] [stdout] 
[INFO] [stdout] error[E0422]: cannot find struct, variant or union type `ExportEntry` in module `wasm_section`
[INFO] [stdout]    --> src/wasm/section_decoder.rs:212:19
[INFO] [stdout]     |
[INFO] [stdout] 212 |     wasm_section::ExportEntry {
[INFO] [stdout]     |                   ^^^^^^^^^^^ not found in `wasm_section`
[INFO] [stdout] 
[INFO] [stdout] 
[INFO] [stdout] error[E0412]: cannot find type `GlobalEntry` in module `wasm_section`
[INFO] [stdout]    --> src/wasm/section_decoder.rs:229:84
[INFO] [stdout]     |
[INFO] [stdout] 229 | fn decode_global_entry<'a>(payload: &'a Vec<u8>, pos: &mut usize) -> wasm_section::GlobalEntry {
[INFO] [stdout]     |                                                                                    ^^^^^^^^^^^ not found in `wasm_section`
[INFO] [stdout] 
[INFO] [stdout] 
[INFO] [stdout] error[E0422]: cannot find struct, variant or union type `GlobalEntry` in module `wasm_section`
[INFO] [stdout]    --> src/wasm/section_decoder.rs:233:19
[INFO] [stdout]     |
[INFO] [stdout] 233 |     wasm_section::GlobalEntry {
[INFO] [stdout]     |                   ^^^^^^^^^^^ not found in `wasm_section`
[INFO] [stdout] 
[INFO] [stdout] 
[INFO] [stdout] warning: trait objects without an explicit `dyn` are deprecated
[INFO] [stdout]   --> src/share/thread_pool.rs:28:16
[INFO] [stdout]    |
[INFO] [stdout] 28 | type Job = Box<FnBox + Send + 'static>;
[INFO] [stdout]    |                ^^^^^^^^^^^^^^^^^^^^^^ help: use `dyn`: `dyn FnBox + Send + 'static`
[INFO] [stdout]    |
[INFO] [stdout]    = note: `#[warn(bare_trait_objects)]` on by default
[INFO] [stdout]    = warning: this was previously accepted by the compiler but is being phased out; it will become a hard error in the 2021 edition!
[INFO] [stdout]    = note: for more information, see issue #80165 <https://github.com/rust-lang/rust/issues/80165>
[INFO] [stdout] 
[INFO] [stdout] 
[INFO] [stdout] error[E0282]: type annotations needed
[INFO] [stdout]   --> src/wasm/wasm_module.rs:19:23
[INFO] [stdout]    |
[INFO] [stdout] 19 |             sections: HashMap::new()
[INFO] [stdout]    |                       ^^^^^^^^^^^^ cannot infer type for type parameter `K`
[INFO] [stdout] 
[INFO] [stdout] 
[INFO] [stdout] error: aborting due to 25 previous errors; 1 warning emitted
[INFO] [stdout] 
[INFO] [stdout] 
[INFO] [stdout] Some errors have detailed explanations: E0282, E0412, E0422, E0432.
[INFO] [stdout] 
[INFO] [stdout] For more information about an error, try `rustc --explain E0282`.
[INFO] [stdout] 
[INFO] [stderr] error: could not compile `turbofan`
[INFO] [stderr] 
[INFO] [stderr] To learn more, run the command again with --verbose.
[INFO] running `Command { std: "docker" "inspect" "266cfc60781b91bdbe9492d7637992ea35f59e50a593e5bd89d3a59d1ed104bd", kill_on_drop: false }`
[INFO] running `Command { std: "docker" "rm" "-f" "266cfc60781b91bdbe9492d7637992ea35f59e50a593e5bd89d3a59d1ed104bd", kill_on_drop: false }`
[INFO] [stdout] 266cfc60781b91bdbe9492d7637992ea35f59e50a593e5bd89d3a59d1ed104bd
